{"id":9,"date":"2014-11-16T13:53:35","date_gmt":"2014-11-16T12:53:35","guid":{"rendered":"http:\/\/www.prochoix.org\/wordpress\/?page_id=9"},"modified":"2016-01-30T10:55:01","modified_gmt":"2016-01-30T09:55:01","slug":"historique-de-prochoix","status":"publish","type":"page","link":"https:\/\/prochoix.org\/?page_id=9","title":{"rendered":"Historique"},"content":{"rendered":"<div class=\"post-content\">\n<p>L&rsquo;id\u00e9e de fonder une revue enti\u00e8rement d\u00e9di\u00e9e \u00e0 l&rsquo;enqu\u00eate et \u00e0 la r\u00e9flexion sur les libert\u00e9s individuelles et le droit de choisir est n\u00e9e en 1997, suite au travail men\u00e9 par Fiammetta Venner.<\/p>\n<p>En 1995, Fiammetta Venner a publi\u00e9 un livre d\u00e9cisif pour le droit de choisir\u00a0: \u00ab\u00a0L&rsquo;Opposition \u00e0 l&rsquo;avortement du lobby au commando\u00a0\u00bb. Elle disposait de remarquables archives concernant les mouvements anti-avortement et l&rsquo;extr\u00eame droite catholique. Politologue, elle avait aussi quelques id\u00e9es sur la fa\u00e7on de concevoir un engagement intellectuel qui allierait efficacit\u00e9 de terrain et rigueur th\u00e9orique. \u00c0 ses c\u00f4t\u00e9s, nous \u00e9tions un petit noyau de journalistes, de chercheurs, et de militants \u00e0 souhaiter la diffusion de cette documentation exceptionnelle. C&rsquo;est alors qu&rsquo;est venue l&rsquo;id\u00e9e d&rsquo;\u00e9diter une revue, d&rsquo;abord mensuelle puis bimestrielle\u00a0: ProChoix.<\/p>\n<p>ProChoix est une association loi de 1901 fond\u00e9e en novembre 1997 par Fiammetta Venner et Caroline Fourest, avec l&rsquo;aide de Moruni Turlot. Le premier num\u00e9ro de sa revue est paru en d\u00e9cembre\u00a01997.<\/p>\n<\/div>\n<div class=\"encadre\">\n<p><img loading=\"lazy\" decoding=\"async\" class=\" alignleft\" src=\"http:\/\/www.prochoix.org\/cgi\/blog\/images\/fiammetta.jpg\" alt=\"\" width=\"138\" height=\"205\" \/><\/p>\n<p><strong>Fiammetta Venner :<\/strong>\u00a0auteure du premier livre consacr\u00e9 aux commandos anti-avortement en France (\u00ab\u00a0<a href=\"http:\/\/www.jstor.org\/stable\/40619640?seq=1#page_scan_tab_contents\">L&rsquo;opposition \u00e0 l&rsquo;avortement du lobby au commando<\/a>\u00ab\u00a0, \u00c9ditions BERG international, 1995), Fiammetta Venner, politologue et titulaire d&rsquo;une ma\u00eetrise d&rsquo;histoire et de sociologie, travaille depuis 1990 sur l&rsquo;extr\u00eame droite. Au sein du s\u00e9minaire Sexe et race de Rita Thalmann (Paris VII), elle a men\u00e9 en 1990 une enqu\u00eate participante sur les femmes d&rsquo;extr\u00eame droite puis s&rsquo;est sp\u00e9cialis\u00e9e dans l&rsquo;\u00e9tude des mouvements \u00ab\u00a0pro-vie\u00a0\u00bb. Elle est coauteure, avec Claudie Lesselier, d&rsquo;un ouvrage collectif sur \u00abLes Femmes et l&rsquo;extr\u00eame droite\u00a0\u00bb (\u00c9ditions Golias, 1997). En 2001, elle a obtenu son doctorat de Sciences politique pour une th\u00e8se tr\u00e8s document\u00e9e sur les mobilisations de la droite radicale en France de 1981 \u00e0 2000. Depuis, elle a int\u00e9gr\u00e9 le CADIS.<\/p>\n<p>En 2003, elle a publi\u00e9 le tr\u00e8s remarqu\u00e9\u00a0<a href=\"http:\/\/www.amazon.fr\/Tirs-crois\u00e9s-l\u00e9preuve-int\u00e9grismes-chr\u00e9tien\/dp\/2253114375\/ref=sr_1_4?ie=UTF8&amp;qid=1416142358&amp;sr=8-4&amp;keywords=fiammetta+Venner\"><em>Tirs Crois\u00e9s, sur la la\u00efcit\u00e9 \u00e0 l&rsquo;\u00e9preuve des int\u00e9grismes juif, chr\u00e9tien et musulman<\/em><\/a>\u00a0aux c\u00f4t\u00e9s de Caroline Fourest.<\/p>\n<p>En 2005, elle a publi\u00e9 \u00ab\u00a0<a href=\"http:\/\/www.amazon.fr\/Extr\u00eame-France-nationaux-radicaux-catholiques-traditionalistes\/dp\/B00OPLVBGW\/ref=sr_1_25?ie=UTF8&amp;qid=1416140202&amp;sr=8-25&amp;keywords=fiammetta+Venner\">OPA sur l&rsquo;Islam de France : les ambitions de l&rsquo;UOIF<\/a>\u00a0\u00bb (Calmann-L\u00e9vy puis \u00ab\u00a0<a href=\"http:\/\/www.amazon.fr\/Extr\u00eame-France-nationaux-radicaux-catholiques-traditionalistes\/dp\/B00OPLVBGW\/ref=sr_1_25?ie=UTF8&amp;qid=1416140202&amp;sr=8-25&amp;keywords=fiammetta+Venner\">Extr\u00eame France<\/a>\u00a0\u00bb (Grasset, 2007). Elle a collabor\u00e9 \u00e0\u00a0<em>Charlie Hebdo.<\/em>\u00a0<a href=\"http:\/\/www.prochoix.org\/cgi\/blog\/index.php\/1997\/03\/28\/456\">Pour en savoir + sur Fiammetta Venner<\/a><\/p>\n<p><img loading=\"lazy\" decoding=\"async\" class=\" alignleft\" src=\"http:\/\/www.prochoix.org\/cgi\/blog\/images\/caroline.jpg\" alt=\"\" width=\"168\" height=\"235\" \/><\/p>\n<p><strong>Caroline Fourest<\/strong>\u00a0: R\u00e9dactrice en chef de ProChoix, journaliste, diplom\u00e9e en sociologie (EHESS) et en Sciences politiques (DESS de communication politique \u00e0 la Sorbonne), Caroline Fourest a \u00e9crit plusieurs <a href=\"http:\/\/www.amazon.fr\/s\/ref=nb_sb_noss_1?__mk_fr_FR=\u00c5M\u00c5\u017d\u00d5\u00d1&amp;url=search-alias%3Daps&amp;field-keywords=fourest\">ouvrages<\/a> d&rsquo;enqu\u00eate et d&rsquo;analyse sur l&rsquo;extr\u00eame droite et l&rsquo;int\u00e9grisme.\u00a0\u00a0\u00a0<a href=\"http:\/\/carolinefourest.wordpress.com\">Pour en savoir + sur Caroline Fourest<\/a><\/p>\n<p><img loading=\"lazy\" decoding=\"async\" class=\" alignright\" src=\"http:\/\/www.prochoix.org\/cgi\/blog\/images\/moruni.jpg\" alt=\"\" width=\"134\" height=\"209\" \/><\/p>\n<p><strong>Moruni Turlot<\/strong>\u00a0: Longtemps militante aux Marie-Pas-Claire, un groupe de jeunes f\u00e9ministes, Moruni Turlot a particip\u00e9 \u00e0 la cr\u00e9ation de ProChoix en 1997.<\/p>\n<p>&nbsp;<\/p>\n<p>&nbsp;<\/p>\n<p>__________<\/p>\n<p><strong>\u00a0Campagnes men\u00e9es par\u00a0ProChoix<\/strong><\/p>\n<ul>\n<li><a href=\"http:\/\/www.prochoix.org\/cgi\/blog\/index.php\/L-europe-pour-ayaan-hirsi-ali\">L&rsquo;Europe pour Ayaan Hirsi Ali\u00a0<\/a>(2007)<\/li>\n<li><a href=\"http:\/\/www.prochoix.org\/cgi\/blog\/index.php\/Nicolas-sarkozy\">Elections\u00a0<\/a>(2007)<\/li>\n<li><a href=\"http:\/\/www.prochoix.org\/cgi\/blog\/index.php\/Proces-de-charlie-hebdo\">Proc\u00e8s Charlie Hebdo\u00a0<\/a>(2007)<\/li>\n<li><a href=\"http:\/\/www.prochoix.org\/cgi\/blog\/index.php\/Caricatures-de-mahomet\">Caricatures de Mahomet\u00a0<\/a>(2006)<\/li>\n<li><a href=\"http:\/\/www.prochoix.org\/cgi\/blog\/index.php\/Manifeste-ensemble-contre-le-nouveau-totalitarisme\">Manifeste : ensemble contre le nouveau totalitarisme\u00a0<\/a>(2006)<\/li>\n<li><a href=\"http:\/\/www.prochoix.org\/pages.action\/laicite\/menulaicite.html\">R\u00e9affirmons la la\u00efcit\u00e9\u00a0<\/a>(2004)<\/li>\n<li><a href=\"http:\/\/www.prochoix.org\/pages.action\/nicroisade\/menunini.html\">Ni djihad ni croisade\u00a0<\/a>(2002-2003)<\/li>\n<li><a href=\"http:\/\/www.prochoix.org\/pages.action\/presidentielles\/abstention.html\">Votons contre le Front national !\u00a0<\/a>(2002)<\/li>\n<li><a href=\"http:\/\/www.prochoix.org\/pages.action\/presidentielles\/presindex.html\">Les + et &#8211; des Pr\u00e9sidentielles\u00a0<\/a>(2002)<\/li>\n<li><a href=\"http:\/\/www.prochoix.org\/pages.action\/legislatives\/legindex.html\">Le Hit-parade des d\u00e9put\u00e9s anti-choix\u00a0<\/a>(2002)<\/li>\n<li><a href=\"http:\/\/www.prochoix.org\/pages.action\/durban\/presentation.durban.html\">Participation \u00e0 la Conf\u00e9rence contre le racisme de Durban\u00a0<\/a>(2001)<\/li>\n<li><a href=\"http:\/\/www.prochoix.org\/pages.action\/efs\/efs.html\">Etablissement fran\u00e7ais du sang = homophobe\u00a0<\/a>(2000)<\/li>\n<li><a href=\"http:\/\/www.prochoix.org\/pages.action\/racisme\/menu.racisme.html\">Combattons le racisme\u00a0<\/a>(2000)<\/li>\n<li><a href=\"http:\/\/www.prochoix.org\/pages.action\/pages.reforme.ivg\/ivg.menu.html\">R\u00e9formons l&rsquo;IVG\u00a0<\/a>(2000)<\/li>\n<li><a href=\"http:\/\/www.prochoix.org\/pages.action\/pages.pekin+5\/onu.pekin.index.html\">Participation \u00e0 la conf\u00e9rence sur les droits des femmes de P\u00e9kin+5\u00a0<\/a>(2000)<\/li>\n<li><a href=\"http:\/\/www.prochoix.org\/pages.action\/page.action.capes\/indexcapes.html\">Non au Capes de religion\u00a0<\/a>(1999)<\/li>\n<li><a href=\"http:\/\/www.prochoix.org\/pages.action\/pacs\/pacs.menu.html\">Am\u00e9liorons le Pacs\u00a0<\/a>(1999)<\/li>\n<li><a href=\"http:\/\/www.prochoix.org\/mairesantipacs\/antipacs.html\">Op\u00e9ration contre les maires anti-PaCS\u00a0<\/a>(1999)<\/li>\n<\/ul>\n<\/div>\n","protected":false},"excerpt":{"rendered":"<p>L&rsquo;id\u00e9e de fonder une revue enti\u00e8rement d\u00e9di\u00e9e \u00e0 l&rsquo;enqu\u00eate et \u00e0 la r\u00e9flexion sur les libert\u00e9s individuelles et le droit de choisir est n\u00e9e en 1997, suite au travail men\u00e9 par Fiammetta Venner. En 1995, Fiammetta Venner a publi\u00e9 un livre d\u00e9cisif pour le droit de choisir\u00a0: \u00ab\u00a0L&rsquo;Opposition \u00e0 l&rsquo;avortement du lobby au commando\u00a0\u00bb. Elle &hellip; <a href=\"https:\/\/prochoix.org\/?page_id=9\" class=\"more-link\">Continuer la lecture de <span class=\"screen-reader-text\">Historique<\/span>  <span class=\"meta-nav\">&rarr;<\/span><\/a><\/p>\n","protected":false},"author":1,"featured_media":0,"parent":0,"menu_order":0,"comment_status":"open","ping_status":"open","template":"","meta":{"footnotes":""},"_links":{"self":[{"href":"https:\/\/prochoix.org\/index.php?rest_route=\/wp\/v2\/pages\/9"}],"collection":[{"href":"https:\/\/prochoix.org\/index.php?rest_route=\/wp\/v2\/pages"}],"about":[{"href":"https:\/\/prochoix.org\/index.php?rest_route=\/wp\/v2\/types\/page"}],"author":[{"embeddable":true,"href":"https:\/\/prochoix.org\/index.php?rest_route=\/wp\/v2\/users\/1"}],"replies":[{"embeddable":true,"href":"https:\/\/prochoix.org\/index.php?rest_route=%2Fwp%2Fv2%2Fcomments&post=9"}],"version-history":[{"count":14,"href":"https:\/\/prochoix.org\/index.php?rest_route=\/wp\/v2\/pages\/9\/revisions"}],"predecessor-version":[{"id":819,"href":"https:\/\/prochoix.org\/index.php?rest_route=\/wp\/v2\/pages\/9\/revisions\/819"}],"wp:attachment":[{"href":"https:\/\/prochoix.org\/index.php?rest_route=%2Fwp%2Fv2%2Fmedia&parent=9"}],"curies":[{"name":"wp","href":"https:\/\/api.w.org\/{rel}","templated":true}]}}

<div class="post-content">
<p>L&rsquo;idée de fonder une revue entièrement dédiée à l&rsquo;enquête et à la réflexion sur les libertés individuelles et le droit de choisir est née en 1997, suite au travail mené par Fiammetta Venner.</p>
<p>En 1995, Fiammetta Venner a publié un livre décisif pour le droit de choisir : « L&rsquo;Opposition à l&rsquo;avortement du lobby au commando ». Elle disposait de remarquables archives concernant les mouvements anti-avortement et l&rsquo;extrême droite catholique. Politologue, elle avait aussi quelques idées sur la façon de concevoir un engagement intellectuel qui allierait efficacité de terrain et rigueur théorique. À ses côtés, nous étions un petit noyau de journalistes, de chercheurs, et de militants à souhaiter la diffusion de cette documentation exceptionnelle. C&rsquo;est alors qu&rsquo;est venue l&rsquo;idée d&rsquo;éditer une revue, d&rsquo;abord mensuelle puis bimestrielle : ProChoix.</p>
<p>ProChoix est une association loi de 1901 fondée en novembre 1997 par Fiammetta Venner et Caroline Fourest, avec l&rsquo;aide de Moruni Turlot. Le premier numéro de sa revue est paru en décembre 1997.</p>
</div>
<div class="encadre">
<p><img loading="lazy" decoding="async" class=" alignleft" src="http://www.prochoix.org/cgi/blog/images/fiammetta.jpg" alt="" width="138" height="205" /></p>
<p><strong>Fiammetta Venner :</strong> auteure du premier livre consacré aux commandos anti-avortement en France (« <a href="http://www.jstor.org/stable/40619640?seq=1#page_scan_tab_contents">L&rsquo;opposition à l&rsquo;avortement du lobby au commando</a>« , Éditions BERG international, 1995), Fiammetta Venner, politologue et titulaire d&rsquo;une maîtrise d&rsquo;histoire et de sociologie, travaille depuis 1990 sur l&rsquo;extrême droite. Au sein du séminaire Sexe et race de Rita Thalmann (Paris VII), elle a mené en 1990 une enquête participante sur les femmes d&rsquo;extrême droite puis s&rsquo;est spécialisée dans l&rsquo;étude des mouvements « pro-vie ». Elle est coauteure, avec Claudie Lesselier, d&rsquo;un ouvrage collectif sur «Les Femmes et l&rsquo;extrême droite » (Éditions Golias, 1997). En 2001, elle a obtenu son doctorat de Sciences politique pour une thèse très documentée sur les mobilisations de la droite radicale en France de 1981 à 2000. Depuis, elle a intégré le CADIS.</p>
<p>En 2003, elle a publié le très remarqué <a href="http://www.amazon.fr/Tirs-croisés-lépreuve-intégrismes-chrétien/dp/2253114375/ref=sr_1_4?ie=UTF8&amp;qid=1416142358&amp;sr=8-4&amp;keywords=fiammetta+Venner"><em>Tirs Croisés, sur la laïcité à l&rsquo;épreuve des intégrismes juif, chrétien et musulman</em></a> aux côtés de Caroline Fourest.</p>
<p>En 2005, elle a publié « <a href="http://www.amazon.fr/Extrême-France-nationaux-radicaux-catholiques-traditionalistes/dp/B00OPLVBGW/ref=sr_1_25?ie=UTF8&amp;qid=1416140202&amp;sr=8-25&amp;keywords=fiammetta+Venner">OPA sur l&rsquo;Islam de France : les ambitions de l&rsquo;UOIF</a> » (Calmann-Lévy puis « <a href="http://www.amazon.fr/Extrême-France-nationaux-radicaux-catholiques-traditionalistes/dp/B00OPLVBGW/ref=sr_1_25?ie=UTF8&amp;qid=1416140202&amp;sr=8-25&amp;keywords=fiammetta+Venner">Extrême France</a> » (Grasset, 2007). Elle a collaboré à <em>Charlie Hebdo.</em> <a href="http://www.prochoix.org/cgi/blog/index.php/1997/03/28/456">Pour en savoir + sur Fiammetta Venner</a></p>
<p><img loading="lazy" decoding="async" class=" alignleft" src="http://www.prochoix.org/cgi/blog/images/caroline.jpg" alt="" width="168" height="235" /></p>
<p><strong>Caroline Fourest</strong> : Rédactrice en chef de ProChoix, journaliste, diplomée en sociologie (EHESS) et en Sciences politiques (DESS de communication politique à la Sorbonne), Caroline Fourest a écrit plusieurs <a href="http://www.amazon.fr/s/ref=nb_sb_noss_1?__mk_fr_FR=ÅMÅŽÕÑ&amp;url=search-alias%3Daps&amp;field-keywords=fourest">ouvrages</a> d&rsquo;enquête et d&rsquo;analyse sur l&rsquo;extrême droite et l&rsquo;intégrisme.   <a href="http://carolinefourest.wordpress.com">Pour en savoir + sur Caroline Fourest</a></p>
<p><img loading="lazy" decoding="async" class=" alignright" src="http://www.prochoix.org/cgi/blog/images/moruni.jpg" alt="" width="134" height="209" /></p>
<p><strong>Moruni Turlot</strong> : Longtemps militante aux Marie-Pas-Claire, un groupe de jeunes féministes, Moruni Turlot a participé à la création de ProChoix en 1997.</p>
<p>&nbsp;</p>
<p>&nbsp;</p>
<p>__________</p>
<p><strong> Campagnes menées par ProChoix</strong></p>
<ul>
<li><a href="http://www.prochoix.org/cgi/blog/index.php/L-europe-pour-ayaan-hirsi-ali">L&rsquo;Europe pour Ayaan Hirsi Ali </a>(2007)</li>
<li><a href="http://www.prochoix.org/cgi/blog/index.php/Nicolas-sarkozy">Elections </a>(2007)</li>
<li><a href="http://www.prochoix.org/cgi/blog/index.php/Proces-de-charlie-hebdo">Procès Charlie Hebdo </a>(2007)</li>
<li><a href="http://www.prochoix.org/cgi/blog/index.php/Caricatures-de-mahomet">Caricatures de Mahomet </a>(2006)</li>
<li><a href="http://www.prochoix.org/cgi/blog/index.php/Manifeste-ensemble-contre-le-nouveau-totalitarisme">Manifeste : ensemble contre le nouveau totalitarisme </a>(2006)</li>
<li><a href="http://www.prochoix.org/pages.action/laicite/menulaicite.html">Réaffirmons la laïcité </a>(2004)</li>
<li><a href="http://www.prochoix.org/pages.action/nicroisade/menunini.html">Ni djihad ni croisade </a>(2002-2003)</li>
<li><a href="http://www.prochoix.org/pages.action/presidentielles/abstention.html">Votons contre le Front national ! </a>(2002)</li>
<li><a href="http://www.prochoix.org/pages.action/presidentielles/presindex.html">Les + et &#8211; des Présidentielles </a>(2002)</li>
<li><a href="http://www.prochoix.org/pages.action/legislatives/legindex.html">Le Hit-parade des députés anti-choix </a>(2002)</li>
<li><a href="http://www.prochoix.org/pages.action/durban/presentation.durban.html">Participation à la Conférence contre le racisme de Durban </a>(2001)</li>
<li><a href="http://www.prochoix.org/pages.action/efs/efs.html">Etablissement français du sang = homophobe </a>(2000)</li>
<li><a href="http://www.prochoix.org/pages.action/racisme/menu.racisme.html">Combattons le racisme </a>(2000)</li>
<li><a href="http://www.prochoix.org/pages.action/pages.reforme.ivg/ivg.menu.html">Réformons l&rsquo;IVG </a>(2000)</li>
<li><a href="http://www.prochoix.org/pages.action/pages.pekin+5/onu.pekin.index.html">Participation à la conférence sur les droits des femmes de Pékin+5 </a>(2000)</li>
<li><a href="http://www.prochoix.org/pages.action/page.action.capes/indexcapes.html">Non au Capes de religion </a>(1999)</li>
<li><a href="http://www.prochoix.org/pages.action/pacs/pacs.menu.html">Améliorons le Pacs </a>(1999)</li>
<li><a href="http://www.prochoix.org/mairesantipacs/antipacs.html">Opération contre les maires anti-PaCS </a>(1999)</li>
</ul>
</div>

<p>L&rsquo;idée de fonder une revue entièrement dédiée à l&rsquo;enquête et à la réflexion sur les libertés individuelles et le droit de choisir est née en 1997, suite au travail mené par Fiammetta Venner. En 1995, Fiammetta Venner a publié un livre décisif pour le droit de choisir : « L&rsquo;Opposition à l&rsquo;avortement du lobby au commando ». Elle &hellip; <a href="https://prochoix.org/?page_id=9" class="more-link">Continuer la lecture de <span class="screen-reader-text">Historique</span>  <span class="meta-nav">&rarr;</span></a></p>
